mmon factor of 41464 and 616280?
568
Calculate the greatest common factor of 3075071 and 183.
61
What is the greatest common divisor of 1229820 and 10141836?
2388
What is the greatest common divisor of 5572 and 9352588?
28
Calculate the greatest common factor of 47649 and 398181.
21
What is the greatest common factor of 10907115 and 7650?
255
What is the greatest common divisor of 824 and 113193292?
412
What is the highest common divisor of 30 and 38434360?
10
Calculate the greatest common divisor of 35 and 13824769.
7
What is the highest common factor of 560859 and 309881?
2561
Calculate the highest common divisor of 164 and 608587477.
41
What is the highest common divisor of 2291124 and 1353?
33
What is the greatest common factor of 3193726168 and 944?
472
Calculate the greatest common divisor of 129 and 267174867.
129
What is the highest common factor of 3425013 and 963?
9
What is the highest common factor of 11724 and 696372?
12
What is the greatest common factor of 853849 and 1154696?
1739
What is the greatest common factor of 2107758 and 90?
6
What is the highest common factor of 73515 and 53495?
65
What is the greatest common factor of 8739522 and 64746?
594
What is the greatest common factor of 141 and 14179947?
141
Calculate the highest common divisor of 9101150 and 190.
10
Calculate the highest common divisor of 54907312 and 47594.
898
Calculate the highest common factor of 37120 and 5191040.
640
What is the highest common factor of 16177933 and 129?
43
Calculate the greatest common factor of 2388 and 5975174.
398
Calculate the greatest common divisor of 23985741 and 78.
39
What is the highest common divisor of 10878 and 443334?
222
What is the greatest common factor of 39658167 and 1392?
87
What is the highest common factor of 605 and 880154?
121
Calculate the greatest common divisor of 5228083 and 161.
7
Calculate the highest common divisor of 40866 and 125391.
147
Calculate the greatest common factor of 42016 and 8313344.
416
Calculate the highest common factor of 278 and 66895974.
278
What is the highest common factor of 792216661 and 3518?
1759
Calculate the greatest common divisor of 13825620 and 216.
108
Calculate the highest common divisor of 83634 and 24511074.
1578
What is the highest common divisor of 699486 and 1866?
6
Calculate the highest common factor of 20 and 165000736.
4
What is the greatest common factor of 13737 and 2265123?
57
What is the greatest common factor of 1155 and 2204598?
33
What is the highest common factor of 315992 and 1208?
8
What is the highest common divisor of 38029810 and 460?
230
What is the greatest common divisor of 1866044 and 93392?
1796
Calculate the highest common factor of 52390976 and 704.
704
Calculate the greatest common factor of 4869268650 and 12874.
12874
What is the highest common factor of 6617 and 353246?
509
Calculate the greatest common factor of 15406208 and 29277.
3253
Calculate the highest common divisor of 551351 and 398592.
173
What is the highest common factor of 23616489 and 39?
39
What is the highest common divisor of 62 and 342767930?
62
What is the greatest common divisor of 4 and 30262286?
2
What is the highest common factor of 4610203 and 316?
79
Calculate the highest common divisor of 179 and 172041017.
179
Calculate the greatest common factor of 4101750 and 5490.
90
What is the greatest common divisor of 78 and 98569974?
6
What is the greatest common factor of 40728 and 170484?
12
What is the greatest common divisor of 39648 and 56756?
28
Calculate the highest common divisor of 151891 and 1731400.
787
Calculate the highest common divisor of 1478348 and 138.
46
What is the highest common divisor of 3605 and 56660300?
515
What is the greatest common divisor of 88185240 and 416?
104
What is the greatest common factor of 124441 and 95366?
1163
Calculate the highest common factor of 14279 and 24104.
131
What is the greatest common factor of 1382073 and 1395?
93
Calculate the greatest common factor of 734 and 59394546.
734
What is the greatest common factor of 63020 and 569235?
685
What is the greatest common factor of 722423 and 176839?
793
Calculate the greatest common divisor of 2009 and 2580705148.
2009
Calculate the greatest common divisor of 1856790 and 300807.
351
What is the greatest common divisor of 2125 and 459595?
85
Calculate the greatest common divisor of 9321312 and 37752.
3432
Calculate the highest common divisor of 1152086 and 3042.
26
What is the greatest common factor of 39729 and 62976?
123
What is the highest common factor of 9507793 and 124?
31
Calculate the highest common factor of 2807 and 10329359.
401
Calculate the greatest common divisor of 69255807 and 34.
17
Calculate the highest common factor of 444105 and 326245.
355
What is the highest common divisor of 28833 and 356429427?
4119
What is the highest common factor of 768 and 140084992?
256
Calculate the highest common divisor of 46366002 and 4401.
1467
What is the highest common factor of 221736890 and 1228?
614
Calculate the highest common divisor of 3942 and 1078704.
54
Calculate the highest common divisor of 186 and 4934239.
31
What is the greatest common divisor of 22164 and 273420645?
5541
Calculate the greatest common divisor of 21 and 3950877.
21
What is the highest common divisor of 44 and 21493747?
11
What is the highest common factor of 1567711080 and 1170?
1170
Calculate the highest common factor of 2970 and 5493015.
1485
What is the greatest common divisor of 95 and 7164881?
19
What is the highest common factor of 137690 and 7634770?
2810
Calculate the highest common factor of 4428402 and 53619.
879
What is the greatest common divisor of 32413650 and 285?
15
Calculate the greatest common divisor of 587038 and 3977.
41
What is the highest common factor of 90862525 and 1300?
325
Calculate the highest common factor of 17688 and 346280.
88
What is the greatest common factor of 16122 and 4371?
3
What is the greatest common factor of 146 and 547241288?
146
Calculate the greatest common factor of 15472490 and 22.
22
Calculate the greatest common divisor of 150330004 and 15620.
3124
Calculate the highest common divisor of 1029 and 128067037.
49
What is the highest common divisor of 245 and 479509639?
49
What is the highest common divisor of 8820 and 5647120?
20
What is the highest common factor of 37183 and 541677?
103
Calculate the greatest common divisor of 584460 and 1084770.
1530
Calculate the highest common factor of 150405911 and 4178.
2089
What is the greatest common divisor of 190344 and 79464?
1848
What is the highest common divisor of 3606982 and 987974?
5846
Calculate the highest common factor of 25980 and 662923.
433
Calculate the greatest common factor of 619 and 41158548.
619
Calculate the highest common factor of 3067612 and 2682.
298
What is the greatest common divisor of 8750464 and 2048?
128
What is the greatest common divisor of 6935 and 39203555?
6935
What is the greatest common factor of 4160512 and 8024?
136
Calculate the greatest common divisor of 20 and 6265708.
4
What is the highest common factor of 191103 and 759?
33
What is the highest common factor of 35038355 and 33?
11
Calculate the highest common divisor of 20808 and 111355168.
2312
Calculate the greatest common factor of 1196424 and 2813.
29
What is the highest common factor of 20580536 and 1378?
106
What is the greatest common factor of 10725190 and 38850?
2590
What is the highest common divisor of 20 and 492056510?
10
Calculate the greatest common factor of 20652 and 186594262.
3442
Calculate the greatest common divisor of 8001990 and 4450.
890
Calculate the greatest common divisor of 2958312 and 48.
24
Calculate the greatest common divisor of 4450537 and 14.
7
Calculate the highest common factor of 26825 and 18812909.
1073
What is the greatest common divisor of 18809701 and 181?
181
What is the highest common factor of 3562 and 63542518?
3562
What is the greatest common divisor of 18375 and 98637?
147
Calculate the greatest common divisor of 40506161 and 563.
563
What is the greatest common divisor of 29 and 16171241?
29
Calculate the highest common divisor of 93 and 46359787.
31
What is the highest common divisor of 405045 and 198?
9
What is the highest common factor of 222673 and 142538?
341
Wh